{"id":121,"date":"2025-06-26T12:36:23","date_gmt":"2025-06-26T12:36:23","guid":{"rendered":"https:\/\/arskanrakennuspalvelut.fi\/?page_id=121"},"modified":"2025-06-26T15:43:10","modified_gmt":"2025-06-26T15:43:10","slug":"yhteydenotto","status":"publish","type":"page","link":"https:\/\/arskanrakennuspalvelut.fi\/?page_id=121","title":{"rendered":"Yhteydenotto"},"content":{"rendered":"<h2>Miten voimme olla avuksi?<\/h2>\n<h3>Yhteystiedot<\/h3>\n<p>Yritys: Arskan Rakennuspalvelut Oy<br \/>Y-tunnus: 2624299-9<\/p>\n<p>Puhelin: 0400 245172<\/p>\n<p>S\u00e4hk\u00f6posti: arskanrakennuspalvelut@gmail.com<\/p>\n<p>\u00a0<\/p>\n<p>\t\t\t\t\t<a href=\"mailto:arskanrakennuspalvelut@gmail.com\"><br \/>\n\t\t\t\t\t\t\t\t\tPyyd\u00e4 tarjous s\u00e4hk\u00f6postilla!<br \/>\n\t\t\t\t\t<\/a><br \/>\n\t\t\t\t\t<a href=\"tel:+358400245172\"><br \/>\n\t\t\t\t\t\t\t\t\tSoita!<br \/>\n\t\t\t\t\t<\/a><\/p>\n<p><strong>Otamme vastaan vain verkkolaskuja. <\/strong><\/p>\n<p><strong>Verkkolaskuosoitteemme:\u00a0<\/strong><\/p>\n<p><strong>Operaattori<\/strong>: OpenText (003708599126)<\/p>\n<p><strong>Verkkolaskuosoite<\/strong>: 003726242999<\/p>\n<p><strong>OVT-tunnus: <\/strong>003726242999<\/p>\n<p>Mik\u00e4li ette voi l\u00e4hett\u00e4\u00e4 verkkolaskuja, pyyd\u00e4mme l\u00e4hett\u00e4m\u00e4\u00e4n paperiset laskut ostolaskujen skannauspalveluun osoitteeseen:<\/p>\n<p>Arskan Rakennuspalvelut Oy<\/p>\n<p>PL 82648<\/p>\n<p>01051 LASKUT<\/p>\n<p>\t\t\t\t\t\t\t\t\t\t\t\t\t\t\t<img loading=\"lazy\" decoding=\"async\" width=\"800\" height=\"600\" src=\"https:\/\/arskanrakennuspalvelut.fi\/wp-content\/uploads\/2025\/06\/arskan-rakennuspalvelut-keski-suomi.jpg\" alt=\"\" srcset=\"https:\/\/arskanrakennuspalvelut.fi\/wp-content\/uploads\/2025\/06\/arskan-rakennuspalvelut-keski-suomi.jpg 960w, https:\/\/arskanrakennuspalvelut.fi\/wp-content\/uploads\/2025\/06\/arskan-rakennuspalvelut-keski-suomi-300x225.jpg 300w, https:\/\/arskanrakennuspalvelut.fi\/wp-content\/uploads\/2025\/06\/arskan-rakennuspalvelut-keski-suomi-768x576.jpg 768w\" sizes=\"auto, (max-width: 800px) 100vw, 800px\" \/><\/p>\n","protected":false},"excerpt":{"rendered":"<p>Miten voimme olla avuksi? Yhteystiedot Yritys: Arskan Rakennuspalvelut OyY-tunnus: 2624299-9 Puhelin: 0400 245172 S\u00e4hk\u00f6posti: arskanrakennuspalvelut@gmail.com \u00a0 Pyyd\u00e4 tarjous s\u00e4hk\u00f6postilla! Soita! Otamme vastaan vain verkkolaskuja. Verkkolaskuosoitteemme:\u00a0 Operaattori: OpenText (003708599126) Verkkolaskuosoite: 003726242999 OVT-tunnus: 003726242999 Mik\u00e4li ette voi l\u00e4hett\u00e4\u00e4 verkkolaskuja, pyyd\u00e4mme l\u00e4hett\u00e4m\u00e4\u00e4n paperiset laskut ostolaskujen skannauspalveluun osoitteeseen: Arskan Rakennuspalvelut Oy PL 82648 01051 LASKUT<\/p>\n","protected":false},"author":2,"featured_media":0,"parent":0,"menu_order":0,"comment_status":"closed","ping_status":"closed","template":"","meta":{"footnotes":""},"class_list":["post-121","page","type-page","status-publish","hentry"],"_links":{"self":[{"href":"https:\/\/arskanrakennuspalvelut.fi\/index.php?rest_route=\/wp\/v2\/pages\/121","targetHints":{"allow":["GET"]}}],"collection":[{"href":"https:\/\/arskanrakennuspalvelut.fi\/index.php?rest_route=\/wp\/v2\/pages"}],"about":[{"href":"https:\/\/arskanrakennuspalvelut.fi\/index.php?rest_route=\/wp\/v2\/types\/page"}],"author":[{"embeddable":true,"href":"https:\/\/arskanrakennuspalvelut.fi\/index.php?rest_route=\/wp\/v2\/users\/2"}],"replies":[{"embeddable":true,"href":"https:\/\/arskanrakennuspalvelut.fi\/index.php?rest_route=%2Fwp%2Fv2%2Fcomments&post=121"}],"version-history":[{"count":58,"href":"https:\/\/arskanrakennuspalvelut.fi\/index.php?rest_route=\/wp\/v2\/pages\/121\/revisions"}],"predecessor-version":[{"id":261,"href":"https:\/\/arskanrakennuspalvelut.fi\/index.php?rest_route=\/wp\/v2\/pages\/121\/revisions\/261"}],"wp:attachment":[{"href":"https:\/\/arskanrakennuspalvelut.fi\/index.php?rest_route=%2Fwp%2Fv2%2Fmedia&parent=121"}],"curies":[{"name":"wp","href":"https:\/\/api.w.org\/{rel}","templated":true}]}}